2021 (base 3) in base 15?
3bdc7
Convert -270333 (base 10) to base 6.
-5443313
What is -60a793 (base 13) in base 7?
-25063526
2506232 (base 7) to base 2
1001110011111101000
Convert -14157622 (base 9) to base 6.
-410100032
-8648632 (base 10) to base 7
-133340446
16450406 (base 9) to base 12
2915096
What is -1112312 (base 7) in base 10?
-137699
-40815 (base 9) to base 7
-141305
What is 332216 (base 9) in base 11?
126123
-13012201 (base 5) to base 2
-11110101111100110
What is -303343124 (base 5) in base 7?
-13315015
Convert 89708 (base 13) to base 15.
4dda2
4331214000 (base 5) to base 3
122101112022001
Convert 1ca1682 (base 14) to base 15.
13dd3cd
c013c6 (base 13) to base 15
5d1007
Convert 2000222000010 (base 3) to base 6.
35104303
Convert -12511260 (base 7) to base 5.
-243131020
Convert 2285aa6 (base 12) to base 14.
c4dcaa
11000101101111011 (base 2) to base 15
1eee8
29c78 (base 16) to base 13
5cb79
98a643 (base 12) to base 13
66b187
526c9d (base 15) to base 4
32331111013
Convert 517760 (base 9) to base 15.
611c0
3023a (base 12) to base 13
2260c
2caac6 (base 15) to base 9
4055266
What is 134331 (base 5) in base 3?
21200002
Convert 253007 (base 13) to base 10.
891989
Convert -191802 (base 13) to base 7.
-5241153
Convert 12214331 (base 7) to base 13.
2c5073
523141224 (base 6) to base 8
42603220
Convert 4544334 (base 6) to base 15.
489a7
What is -1101625 (base 8) in base 9?
-500718
18b8 (base 15) to base 12
3118
What is 1711 (base 10) in base 15?
791
What is 1351397 (base 11) in base 13?
637542
Convert 7113040 (base 8) to base 13.
50795a
What is 881256 (base 13) in base 7?
36132432
Convert -1060256 (base 9) to base 13.
-16cba8
Convert -2020022000 (base 3) to base 16.
-abb4
What is 47c790 (base 14) in base 16?
25746a
Convert 4111140121 (base 5) to base 7.
130366434
What is -615110 (base 8) in base 16?
-31a48
Convert -1b1cce (base 16) to base 8.
-6616316
Convert -501112 (base 8) to base 16.
-2824a
What is 38aa45 (base 11) in base 12?
257996
Convert 5b199 (base 12) to base 11.
84412
-a30409 (base 14) to base 10
-5494281
-281231 (base 9) to base 4
-221313301
What is -120201010102 (base 3) in base 10?
-309188
Convert 2333101021 (base 4) to base 13.
215791
33332 (base 9) to base 6
250302
What is 1101010211121 (base 3) in base 5?
141343233
Convert c675d (base 15) to base 14.
125541
bccc3 (base 13) to base 5
41431342
-13063420 (base 7) to base 6
-41315051
Convert -3321232 (base 5) to base 10.
-57692
-1011001100010010000100 (base 2) to base 10
-2933892
10001001000101100111 (base 2) to base 9
1045221
What is 2ae9c5 (base 15) in base 10?
2074460
Convert -18991 (base 12) to base 2.
-1000110001111101
What is 80c74 (base 14) in base 6?
10350102
Convert 52c421 (base 14) to base 9.
5236410
What is 322226 (base 7) in base 12?
2850b
-33353134 (base 6) to base 16
-f6a72
What is 100110110110101101 (base 2) in base 13?
57593
46103314 (base 7) to base 4
33110332030
What is -7cf2b (base 16) in base 5?
-112334122
Convert -912148 (base 10) to base 6.
-31314524
Convert -1091ec (base 16) to base 15.
-166b57
What is -4a7d13 (base 14) in base 10?
-2557229
10244541 (base 6) to base 15
5e611
What is -8c66a (base 15) in base 11?
-285889
Convert -1897a (base 13) to base 12.
-2377b
What is -41155 (base 15) in base 4?
-302111210
What is 520c3 (base 13) in base 10?
147358
What is 125246 (base 8) in base 3?
2012221000
Convert 102013103231 (base 4) to base 5.
2203423100
Convert -1011001101000001100010 (base 2) to base 5.
-1222440210
What is -34211443 (base 5) in base 16?
-4a37e
Convert -1a639 (base 15) to base 10.
-85779
a88025 (base 11) to base 9
3238458
Convert -680632 (base 11) to base 13.
-2bc648
-320201 (base 9) to base 6
-4025344
Convert 1ddf25 (base 16) to base 8.
7357445
What is -21150153 (base 6) in base 15?
-c3e53
Convert 29874 (base 14) to base 2.
11001001100011110
Convert -3c387a (base 14) to base 3.
-10220220012222
-554654 (base 7) to base 4
-113313101
ae28 (base 15) to base 2
1001000001001010
Convert 1a41c49 (base 13) to base 11.
49840a4
What is 402044300 (base 5) in base 13?
43ba89
Convert -334414344 (base 5) to base 12.
-5b5ab6
-1010a1 (base 14) to base 13
-15c160
-4b1563 (base 14) to base 6
-131125415
Convert 21745 (base 9) to base 8.
34173
1465003 (base 10) to base 9
2672541
66d (base 14) to base 15
59d
What is d0a51 (base 14) in base 4?
1322122333
-972e9d (base 15) to base 8
-33354116
What is -101101010010010000001 (base 2) in base 9?
-2711473
532b27 (base 16) to base 8
24625447
What is -18402300 (base 10) in base 13?
-3a74147
What is -100122101111211 (base 3) in base 9?
-10571454
What is 261029 (base 11) in base 14?
a9c74
18d11d (base 15) to base 3
2021101202101
What is 3bcd23 (base 16) in base 6?
220000055
What is -344661 (base 7) in base 5?
-3433414
101100010010010000110 (base 2) to base 15
1d9e7c
1b6a807 (base 12) to base 7
100601005
63472b (base 13) to base 4
20313033321
What is -274720 (base 11) in base 5?
-102241112
Convert 147a93 (base 13) to base 11.
313784
Convert -40e13 (base 16) to base 8.
-1007023
What is -32111013302 (base 4) in base 10?
-3756530
Convert -279b9 (base 13) to base 8.
-220676
-1021032 (base 8) to base 12
-11090a
What is -2200220221 (base 3) in base 10?
-53161
158182 (base 11) to base 7
2040423
Convert -3333212132 (base 4) to base 5.
-232000232
What is -1010573 (base 11) in base 8?
-6642007
What is 973713 (base 10) in base 8?
3555621
Convert 101031a5 (base 11) to base 14.
2877d87
What is -466457 (base 9) in base 16?
-446f8
-125320534 (base 6) to base 7
-30145252
What is -1713652 (base 9) in base 10?
-954065
-25a465 (base 13) to base 5
-213024440
Convert 130034123 (base 5) to base 7.
5222123
What is -10a913 (base 11) in base 13?
-61b33
14a743 (base 12) to base 2
1010101011110100011
Convert 292a7 (base 11) to base 7.
232225
What is -4a7097 (base 12) in base 8?
-4504663
What is -1012143 (base 5) in base 16?
-40a4
8a98b0 (base 15) to base 9
13400123
What is 64827 (base 12) in base 14?
36411
Convert 2b4660 (base 12) to base 9.
1337280
-2217206 (base 14) to base 3
-1010110200021012
What is 22737 (base 14) in base 3?
11020212112
500478 (base 12) to base 4
10233322130
Convert -1111100001001001100 (base 2) to base 16.
-7c24c
4076326 (base 9) to base 10
2176332
-5255136 (base 10) to base 14
-9ab1cc
-54290 (base 10) to base 8
-152022
4aa0b (base 14) to base 3
100022010120
Convert -11101100001111100 (base 2) to base 10.
-120956
What is -1001001010110101 (base 2) in base 13?
-14130
-21451404 (base 7) to base 14
-3602ab
What is -110000100101010110110011 (base 2) in base 7?
-213152654
Convert -224215 (base 6) to base 14.
-6d59
What is 26246154 (base 8) in base 13?
129b9a6
Convert 107965 (base 12) to base 3.
111022210212
1101001001010000011 (base 2) to base 9
725751
-16c60 (base 14) to base 2
-1101111111100100
-100101111100110101001 (base 2) to base 10
-1243561
What is -200220333302 (base 4) in base 8?
-40507762
10101110010110100 (base 2) to base 5
10324033
Convert ad549 (base 15) to base 7.
4454226
What is 5324220 (base 6) in base 3?
111012212010
What is -1010010100110111111 (base 2) in base 4?
-1102212333
1011311232223 (base 4) to base 16
1175bab
Convert 110101110110 (base 2) to base 9.
4648
What is -21422230 (base 5) in base 13?
-66831
Convert 564f7 (base 16) to base 12.
150707
23035001 (base 6) to base 16
ac129
Convert 213200321 (base 4) to base 15.
32e4e
Convert 153725 (base 9) to base 4.
113012213
What is 120148a (base 11) in base 14?
3c79a0
-10631311 (base 9) to base 3
-100201001100101
-5856b (base 16) to base 6
-11431055
204526 (base 9) to base 12
5a343
Convert 531 (base 8) to base 6.
1333
Convert 204601 (base 9) to base 7.
1014142
Convert -10111011000011111 (base 2) to base 5.
-11031100
What is -313133331 (base 4) in base 14?
-5cbb7
What is -21200112112 (base 3) in base 10?
-151295
Convert -630643 (base 7) to base 3.
-12111122201
11432220 (base 5) to base 6
2154003
What is -2245363 (base 7) in base 16?
-44767
11212200002122 (base 3) to base 16
278bb2
What is 2243121104 (base 5) in base 6?
300134044
What is -1110040 (base 5) in base 4?
-10233003
-ac045 (base 13) to base 15
-626c1
Convert 212230232 (base 5) to base 2.
11011011011100000001
What is 2364410 (base 9) in base 10?
1282644
What is 2c002b (base 14) in base 15?
2054a4
-1001010101001111110